irst derivative of -s**4/4 - 5*s**3/3 - 3*s**2 - s + 3. Give f(c).
7
Suppose -t - 4*t = -50. Suppose 0 = -v - v + t. Suppose -3*f + 2 = -v*f. Let k(y) = 3*y**3 - 2*y**2 + 1. What is k(f)?
-4
Suppose 15*j = 10*j - 5. Let g(f) be the first derivative of -f**4/4 - f**2 - f + 1. Give g(j).
2
Suppose 4*j - 14 = -a + 3*a, 0 = 4*a - 2*j - 2. Let u(x) = -5*x**a + 5*x**3 - 3*x**2 - 4*x + 2*x**2 + x**3. Calculate u(3).
6
Let o(s) = 6 - 3 + 1 - s + 2. Give o(7).
-1
Let a(h) = 3*h - 5. Let j be a(5). Let s = 15 - j. Let g(i) = -2 + 3 - 5 - i + 1. What is g(s)?
-8
Let j(u) = -3*u - 41*u**3 + 43*u**3 + u. Give j(-2).
-12
Let z = 1 - 2. Let c(d) be the first derivative of 7*d**3/3 + d - 2. What is c(z)?
8
Let j(s) = -s**2 + 10*s + 11. Let g be j(11). Let h = -3 - -8. Let y(k) = -2 + 3 + h - k. Give y(g).
6
Let o = -93 + 93. Let x(s) be the third derivative of 0 + 1/24*s**4 + o*s - s**2 + 1/3*s**3. Determine x(3).
5
Let i = -6 - -2. Let s(o) be the third derivative of -o**5/60 - o**4/24 + o**3/2 - 6*o**2. Determine s(i).
-9
Suppose 0 = 2*z - 3 - 7. Let c(v) = 1 + 0*v + z*v - 2*v - 4*v. Determine c(-4).
5
Suppose -9 - 6 = 3*d. Let t = 6 + d. Let b(j) = -3*j**3 + j**2 + j - 1. Calculate b(t).
-2
Let h(f) = 15*f - 4. Let i(g) = 209*g - 55. Let b(r) = -55*h(r) + 4*i(r). Give b(1).
11
Let j(v) be the second derivative of -v**5/20 - 3*v. Let a(o) = -2*o**3 + 6*o**2 + 2*o + 5. Let m(k) = -a(k) + 3*j(k). Let h be (-6)/7*(-2 - -9). What is m(h)?
7
Let f be (2 + -1)/((-1)/(-3)). Let c(m) = 3*m - 4 + 1 + f*m. Determine c(2).
9
Let q(z) be the second derivative of z**4/12 - 5*z**3/3 + 4*z**2 - 3*z. Calculate q(6).
-16
Suppose 3*s - 7*s + 28 = 0. Let t(y) = 9*y + y**2 - y**2 - 8 - y**2. Determine t(s).
6
Let h = -4 + 7. Let y be 1*6 - (-3)/3. Suppose h*u = -y - 8. Let w(z) = -z**3 - 4*z**2 + 4*z + 2. Determine w(u).
7
Let v(k) be the first derivative of -k**3/3 + 11*k**2/2 - 2*k - 27. What is v(10)?
8
Let k(d) be the third derivative of 0*d + 0*d**3 + 0 + 4*d**2 - 1/4*d**4. Let a be (1/(3/6))/(-2). Give k(a).
6
Let v(f) = f**3 + 4*f**2 + 8. Let k(b) = b**3 + b + 1. Let m(l) = -2*k(l) + v(l). Calculate m(4).
-2
Let y(b) = b**3 + 2*b**2 - 5*b - 3. Let p be y(-3). Let r(n) = n**3 - 2*n**2 - n - 2. What is r(p)?
4
Let x(b) = 9*b + 6. Let c(w) = 47*w + 17. Let d(z) = 3*z - 26*z - 7 - 2. Let p(s) = -4*c(s) - 9*d(s). Let l(y) = -6*p(y) + 13*x(y). Determine l(1).
3
Let g(u) = -u**3 + 4*u**2 + 2*u + 1. Let k be g(4). Let r(y) = -y + 4. Determine r(k).
-5
Suppose 5*i = -7 - 18. Let c = i + 4. Let h(s) = -14*s. Determine h(c).
14
Let i(x) = -x**3 + 6*x**2 + 6*x + 4. Let u = -144 - -151. What is i(u)?
-3
Let k(r) = -r**3 + 2*r**2 + 2*r - 2. Suppose 4 - 3 = s + b, 0 = s + 4*b - 16. Let u = s + 7. Calculate k(u).
-5
Suppose -3*o + 8 = -2*m, 5*o - 2*m - 2*m - 16 = 0. Let b(p) = -p + 2. What is b(o)?
2
Suppose -3*b - 3*v - 2*v + 23 = 0, 0 = -5*b - 3*v + 33. Let r(g) = -g + 5. Give r(b).
-1
Let g(j) = 3. Let h(z) = z - 10. Let q(w) = -w + 7. Let i be q(4). Suppose -5 + 11 = -i*d. Let l(t) = d*h(t) - 7*g(t). Calculate l(1).
-3
Let i(s) = -s**2 + 3*s + 4. Let u be i(4). Let b(f) = f**3 + f - 4. Give b(u).
-4
Suppose -1 = k + 2. Let j = k + 4. Let l(o) = 3*o - o + 0 - j. Calculate l(4).
7
Let c(m) = -9*m**2 - m + 1. Suppose 12 = 3*y - 0*y. Suppose 4*q = 2*q. Suppose q = y*w - 2*w - 8, k + 3 = w. Calculate c(k).
-9
Let m be (-1)/(1/(-2)) + -2. Suppose m*b = 2*d - 3*b - 22, 0 = -2*d + b + 14. Let s(t) = -t + 5. Determine s(d).
0
Let b(g) be the third derivative of g**6/120 - g**5/12 - g**4/24 + g**3/2 - 2*g**2. Let q = 7 - 2. What is b(q)?
-2
Let i(q) = q**3 - 4*q**2 + 2*q + 3. Let j = 69 + -65. What is i(j)?
11
Let d(m) = m + 4. Suppose -6*c + 11*c + 20 = 0. Calculate d(c).
0
Suppose 0 = -5*b - 9 + 19. Let z(k) be the second derivative of -k**4/12 + k**3/6 + 3*k**2/2 + k. Let a(t) be the first derivative of z(t). Calculate a(b).
-3
Let q(k) = 1 - k - 1 + k**3 - k**2 - 3. Suppose -2*b - 5 = -5*v - 0*v, -1 = -4*b - v. Give q(b).
-3
Suppose 3*f + 5*g = 30, -f - 2*g = -5*g + 4. Let d(c) be the third derivative of 4/3*c**3 - c**2 + 0 - 1/24*c**4 + 0*c. What is d(f)?
3
Suppose 4 + 5 = 3*t. Let w be (6 - 44/8)/((-1)/(-4)). Suppose -5*o + 17 = w*u - t*u, 2*o + 5*u + 4 = 0. Let i(n) = n**2 - 3*n + 4. What is i(o)?
4
Suppose 0 = 4*b - 5 + 25. Let k(y) = -9*y - 2*y**2 - 1 - 2*y**2 - 3. Let m(a) = -5*a**2 - 10*a - 4. Let x(z) = -4*k(z) + 3*m(z). Calculate x(b).
-1
Let y(b) be the second derivative of -b**4/12 + 2*b**3/3 - b**2 - 5*b. Give y(3).
1
Let c be (-23)/(-2) + 2/4. Suppose 2*r = 4*r - c. Let i be (-2)/(-4)*r + -3. Let j(a) = -a**2 - a - 1. Determine j(i).
-1
Let m(c) = -9*c**2 - 3 + 2*c**3 - c**3 + 8 - 6*c - 5*c. What is m(10)?
-5
Suppose -2*o = 3*o - 25. Suppose 0 = 2*y - o*a + 6 + 8, -5*a + 17 = -y. Let l(d) = -d. Calculate l(y).
-3
Let o(n) = -6 - n + 10 + 1. Determine o(0).
5
Let x(i) = -i**3 + 8*i**2 - 7*i + 3. Let d(l) = -l**2 + 6*l - 1. Let r be d(4). Determine x(r).
3
Let o(l) = l**2 + 12*l - 22. Let m be o(-13). Let x(s) = s**3 + 9*s**2 - 2*s - 9. What is x(m)?
9
Let k be 2/(-7) - 550/35. Let d be ((-12)/k)/((-2)/(-8)). Let h(l) = -l**3 + 3 - 3*l + 3*l**3 - 5*l**d + 4*l**3. Determine h(2).
5
Let s(d) be the first derivative of -5/2*d**2 + 2*d + 3 + 1/3*d**3. Let o be ((-8)/4)/(4/(-10)). What is s(o)?
2
Suppose 6*k = 24 + 24. Let p(g) = -g**3 + 7*g**2 + 10*g - 11. Give p(k).
5
Let p(q) be the first derivative of 4*q - 1/2*q**2 - 5/3*q**3 - 1/4*q**4 + 2. Give p(-3).
-11
Let w(k) be the second derivative of -3*k**2 - 1/12*k**4 + k + 1/6*k**3 + 0. Give w(0).
-6
Let b(q) = 2. Let o(x) = 1. Let p(m) = -3*b(m) + 5*o(m). Let g(r) = -r**2 + r - 4. Let y(n) = g(n) - 3*p(n). Determine y(1).
-1
Let g(u) = -2*u**2 + 4*u. Suppose 0 = 5*p - 2 - 8. Suppose -a + 0*z - 2 = -5*z, -9 = -p*a - 3*z. What is g(a)?
-6
Let q(j) = -j - 2. Let i be q(-7). Suppose 2*l - 1 - i = 0. Let y(s) = s**2 - 3. Give y(l).
6
Let j(a) = -3 + 1 + 3. Let m(x) = 5*x**3 - 2*x**2 - 2*x. Let z(f) = -j(f) + m(f). Let l(n) = -n**2 + 4*n - 1. Let g be l(4). Give z(g).
-6
Suppose 5*x + 6 = 4*i, -5 = 5*x + 5. Let p(b) = 3*b**2 - 4. Let w(k) = -8*k**2 + 11. Let l(t) = 11*p(t) + 4*w(t). Calculate l(i).
1
Let v(u) = -u**2 + 4. Suppose 0*s + 3*s = -2*g + 15, -3 = g - 2*s. Give v(g).
-5
Let m(j) = j**2 + j - 4. Suppose -12 = -3*x, 10 = -3*b + x - 3. Calculate m(b).
2
Suppose -3*u = -5*c - 5*u + 10, -10 = -5*c - 4*u. Suppose -c*d + 5 = -5*q, d + 1 = 3*d - q. Let n(h) = -h**2 - h + 2. What is n(d)?
2
Let k(b) be the first derivative of -2*b**2 + 4*b + 4. Let p(c) = -c + 1. Let x(u) = -k(u) + 3*p(u). Calculate x(3).
2
Suppose f + 3*y + 1 = 0, -4*f + 2*y = -0 - 10. Let x(k) be the first derivative of 2*k - 1/4*k**4 + k**3 - 1 + k**f. Calculate x(4).
-6
Let u be 14 + 0 + (-1)/(-1). Suppose 0 = 3*d - 3*f - 9, 0*f + u = 5*d + 3*f. Let z(g) be the second derivative of g**3/6 - 3*g**2/2 + 10*g. Give z(d).
0
Let x(b) = 3*b + 1. Suppose 0*m = m + 3*d - 3, 2*d - 23 = -3*m. Suppose 0*v - 6 = -2*v - 5*f, -3*v = 3*f - m. Give x(v).
10
Let d(s) = 11*s**3 - 8*s**2 + 14*s + 17. Let x(h) = 5*h**3 - 4*h**2 + 7*h + 8. Let z(m) = 6*d(m) - 13*x(m). Calculate z(-5).
8
Suppose -3*s + 20 = -s. Let j be (s/20)/((-1)/(-6)). Let o(p) = 2*p - 4*p**2 + 4*p**2 - p**3 + 3*p**2. Calculate o(j).
6
Let r(s) = 3*s - 8. Let f(l) = -4*l + 9. Let p(b) = 5*f(b) + 6*r(b). What is p(3)?
-9
Let p(t) = -16*t - 1. Let j(x) = 17*x + 1. Let o(s) = -5*j(s) - 6*p(s). What is o(1)?
12
Let p(h) = h**3 - 2*h**2 - h + 2. Let i(d) = -d - 14. Let s be i(-16). Determine p(s).
0
Let f(w) = -4*w**2 - 6. Let d(l) = -7*l**2 - 11. Let o(i) = -3*d(i) + 5*f(i). Let u(r) = -4*r**3 + r**2 + 2*r. Let t be u(-1). Calculate o(t).
12
Let a(x) = -x - 2. Let g be a(-5). Let n(w) = -w**3 + 2*w**3 + 2*w - 2*w**3 + 4 - g*w - 4*w**2. Calculate n(-3).
-2
Let j(k) = -7*k**3 - 9*k**2 - 8*k - 2. Let h(c) = c**3 + c**2 + c. Let v(s) = 6*h(s) + j(s). What is v(-3)?
4
Let h(j) be the second derivative of -3*j**3/2 + 3*j**2/2 + j. Let i(u) = 3 - 6 - 7 + 5*u + 8. Let p(s) = 6*h(s) + 11*i(s). Give p(3).
-1
Let y(x) = -13*x + 8. Let a(s) = 7*s - 4. Let q(w) = 11*a(w) + 6*y(w). Let j be 21/2 + 5/(-10). Let p = 6 - j. Calculate q(p).
8
Let u(v) = 0*v + 24*v**2 + 6*v + 5 + 2*v - 23*v**2. What is u(-8)?
5
Let d(u) = u + 8. Let